 6*x + 4, 5*k + 4*x = -m. List the prime factors of k/2*(0/4 + 224).
2, 7
List the prime factors of -3 - -1 - ((6 - 26) + -3889).
3907
Let j(x) = -x**3 - 12*x**2 - 14*x - 18. Let i be j(-11). Let o(b) = -8 - 100*b - 157*b + i. What are the prime factors of o(-1)?
2, 3, 11
Let y be 0 + -9 + 7*(-15)/(-35). Let x(l) = -11*l - 23. Let f be x(y). Let h = 74 - f. What are the prime factors of h?
31
List the prime factors of (-72)/(-44) - 18607410/(-990).
18797
Let v = 820 + -818. Suppose -a = v*r - 3526, 2*r + 1754 = 3*r + 5*a. List the prime factors of r.
2, 3, 7
Suppose -3*n + 24 = 4*j, 0 = 2*j + 4*n + 10 - 32. Suppose 100 = j*h + 4*i - 9*i, 2*i = -5*h + 115. What are the prime factors of h?
5
Suppose 43*v - 44*v + 5*t + 6697 = 0, 0 = -5*v + 4*t + 33359. List the prime factors of v.
59, 113
Let v = 84688 - 43161. What are the prime factors of v?
131, 317
Suppose u = 3*f - 46392 - 44586, -2*u + 151630 = 5*f. What are the prime factors of f?
2, 59, 257
Let m(g) be the first derivative of 2*g**2 + 7 + 2/3*g**3 - 73*g. What are the prime factors of m(-12)?
167
Suppose -k - 27477 = -3*w, -4*w - 11*k = -14*k - 36636. List the prime factors of w.
3, 43, 71
Let u = 433 + -231. Suppose 5*q = -0*o - 3*o + 666, u = o - 5*q. List the prime factors of o.
7, 31
Let f be 3*-1 - (9 + -8 + -408). Suppose 0 = -3*p + 6, 0 = 2*r + p + 3*p + f. Let s = r + 316. List the prime factors of s.
2, 5, 11
Let t be (6248/132)/(((-2)/48)/(-1)). Let c = -391 + t. What are the prime factors of c?
5, 149
Let s = 16552 + -11826. List the prime factors of s.
2, 17, 139
Let k = -70 + 76. Let o = 5 - k. What are the prime factors of o/(-4)*6*(-1640)/(-15)?
2, 41
Let i(g) = -2*g**2 - 33*g - 23. Let j be i(-15). Suppose -j*x = -14126 - 8160. What are the prime factors of x?
1013
Suppose 4*q - 2808 = 2*q + 3*o, q - 1390 = 5*o. Suppose -q = -10*j + 980. What are the prime factors of j?
239
Let z be ((-1187)/2)/(-1) + (-8)/(-16). Suppose -5*g + 198 = 2*o - z, -5*g - 1945 = -5*o. List the prime factors of o.
17, 23
Suppose 96*u + 106*u = 15*u + 3608352. List the prime factors of u.
2, 3, 67
Let n(d) = -221*d + 22. List the prime factors of n(-22).
2, 3, 11, 37
What are the prime factors of 2*11406*(-132)/(-48) - -3?
2, 3, 1307
Suppose -166*j + 501429 + 104425 + 140814 = 0. List the prime factors of j.
2, 13, 173
Let o be 195/(-156) + (-10)/(-8). Suppose 0 = -4*w - 2*q + 5918, 0 = -2*q - o - 2. What are the prime factors of w?
2, 5, 37
Let m(r) = -4*r**3 + 39*r**2 + 77*r + 23. Let z(f) = -6*f**3 + 59*f**2 + 116*f + 34. Let c(k) = -8*m(k) + 5*z(k). What are the prime factors of c(12)?
2, 281
Let a = 729 + -721. Let p(g) = 46*g - 233. What are the prime factors of p(a)?
3, 5
Let q(u) = -u + 46. Let j be q(37). What are the prime factors of ((-72)/(-60))/(j/5070)?
2, 13
Suppose -13*k = -6 + 97. List the prime factors of k/42 + 3/(-18)*-4429.
2, 3, 41
Let f(n) = 697*n + 3719. List the prime factors of f(35).
2, 14057
Suppose -2*j - 146*b = -143*b - 30491, 4*j - 60919 = 3*b. List the prime factors of j.
5, 11, 277
Suppose -4*j = q - 38319, 5*q - 904 = -j + 8652. What are the prime factors of j?
11, 13, 67
What are the prime factors of 546/(-1 + 488/464)?
2, 7, 13, 29
Suppose 30*o + 62653 - 277003 = 0. What are the prime factors of o?
5, 1429
Let l(q) = q**3 + 74*q**2 + 625*q - 82. List the prime factors of l(-60).
2, 13, 17, 29
Let v = -7179 - -31690. List the prime factors of v.
127, 193
Let w be (3*1)/((-20)/(-100)). Suppose w*l - 213 = 342. List the prime factors of l.
37
Suppose -14*o - 13841520 = -350*o. List the prime factors of o.
5, 7, 11, 107
Let j(w) = 14*w - 25. Let l be j(2). List the prime factors of (-148)/l*(-21)/14.
2, 37
Suppose 3*a + 8 = 7*a. Suppose 1359 = 5*o + 4*q, 2*o - a*q = -3*q + 546. Suppose -5*r + 4*s + 305 = 0, 3*s - o = 4*r - 8*r. List the prime factors of r.
5, 13
Let v(c) = 2*c - 1. Let k be v(2). Let x = 1370 - 1190. Suppose o = 1, -j + 2*j + k*o = x. What are the prime factors of j?
3, 59
Suppose 5*y - 5*x = 95016 + 30684, -5*x - 75418 = -3*y. What are the prime factors of y?
31, 811
Let a be (-8 - -6)*(-3)/18*39. Let k(i) = 6*i**2 - 14*i - 12. What are the prime factors of k(a)?
2, 5, 41
Let d = 59485 + -1735. What are the prime factors of d?
2, 3, 5, 7, 11
Let p be 2 + 4*(-2)/(8/84). Let s = 102 + p. Suppose 4*k - 144 = s. What are the prime factors of k?
41
Suppose 5*k = -3*i + 29, 2*k + 3*k - 5*i - 5 = 0. What are the prime factors of 2190/k - 81/54?
2, 3, 7, 13
Let o = -84106 + 131623. What are the prime factors of o?
3, 47, 337
Let n be (-10 - -2389)*(5/3 - 1). Let x = n + -444. List the prime factors of x.
2, 571
Suppose 0 = -579*f + 438*f + 1079073. List the prime factors of f.
3, 2551
Let u(t) = 119*t**2 + 14*t - 3. Let c(p) = -79*p**2 - 9*p + 2. Let l(w) = -8*c(w) - 5*u(w). Let j be l(-3). Let a = j - 171. What are the prime factors of a?
5, 31
Let y(r) = 1063*r - 1240. List the prime factors of y(24).
2, 37, 41
Suppose -7*a = 5*a - 540. Let c = -53 - -103. Suppose 740 = c*b - a*b. What are the prime factors of b?
2, 37
Let n(w) = 6*w**3 - 7*w**2 - 4*w + 12. Let l be n(5). Suppose -4*a - l = 409. What are the prime factors of 4/((-32)/a) + 2/(-4)?
2, 3, 5
Suppose -6*v = -5*s - 41673, 2*v = 11*s - 13*s + 13880. List the prime factors of v.
53, 131
Suppose 3*j - 2 - 2 = 5*h, 0 = -h + 1. Suppose 2*t + 898 = j*q - q, 0 = -4*q - t + 1801. Suppose q = 4*r - 642. What are the prime factors of r?
3, 7, 13
Let m(y) = 26*y**3 + 10*y**2 - 6*y - 2. What are the prime factors of m(6)?
2, 2969
Suppose -5*n - 30775 = -5*l, 5*l + n + 30791 = 10*l. List the prime factors of l.
3, 2053
Let m = 54931 + -10557. List the prime factors of m.
2, 11, 2017
Let c be (190/133)/(1/7). What are the prime factors of 5 - ((-3)/15 - 4468/c)?
2, 113
Suppose 521540 = 94*y - 530790. List the prime factors of y.
5, 2239
Let x(j) = 63*j**2 + 33*j + 3. Let y(o) = 32*o**2 + 20*o + 1. Let k(z) = 3*x(z) - 5*y(z). Let u be (6/(-4))/((-3)/(-4)). List the prime factors of k(u).
2, 61
Let o = -11168 - -22338. What are the prime factors of o?
2, 5, 1117
Let f = 1221 - -5524. What are the prime factors of f?
5, 19, 71
Let x(c) = 5*c**2 + 6*c**2 - 7*c**2 + 11 + c**2 - 4*c**2 - 16*c. Suppose 2*w + 44 = 3*h, -3*h + 4*w = -1 - 39. What are the prime factors of x(h)?
11
Let n = 13 + -13. Suppose -3*c + 1796 = k - 6*k, -5*c - 3*k + 2982 = n. What are the prime factors of c?
3, 199
Suppose 5*z = -y + 16477, -2454*y + 2451*y = 5*z - 49431. What are the prime factors of y?
16477
Suppose -10 = 5*c, -6*l + 4*c - 17 = -l. Let o(k) = 2*k + 15. Let g be o(l). Suppose g*b - 29 - 86 = 0. What are the prime factors of b?
23
Let l(u) = 1615*u - 6651. List the prime factors of l(6).
3, 1013
Let s = 1253 - 869. Let t = s - -1. What are the prime factors of t?
5, 7, 11
Let w be (0 + 4 + -3)*20. Let q = w + 3. Let l = q + 5. List the prime factors of l.
2, 7
Let q(d) = 5*d - 151. Let j be q(31). What are the prime factors of (-10000)/(-12) + (j/6 - 1)?
7, 17
Let r = 80 + -43. Let v = 38 - r. What are the prime factors of v + 0 + (-26)/2*-7?
2, 23
Let f(y) = -y**3 - y**2 + 1. Let a(p) = 3 - 6*p**2 + 0*p - 3*p - 1 + 2*p**2 + 39*p**3. Let t(s) = -a(s) + 4*f(s). What are the prime factors of t(-1)?
2, 3, 7
Suppose 4*n + 16 = -0*n. Let v be (-3 + (-22)/n)*(74 - -4). Let o = v + -25. List the prime factors of o.
2, 5, 17
Let r(k) be the third derivative of k**5/30 - 11*k**4/24 - 5*k**3/6 - k**2. Let i = -1991 - -1986. List the prime factors of r(i).
2, 5
Let h(t) = 18*t + 92. Let r be h(-5). Suppose -298 - 96 = -r*c. List the prime factors of c.
197
List the prime factors of (-15 - (-14 - -9))/(1/(-719)).
2, 5, 719
Let z(u) = -2*u**2 + 19*u - 48. Let g(y) = -y**2 + 18*y - 48. Let s(o) = -3*g(o) + 2*z(o). Suppose 3*v + 112 = 64. List the prime factors of s(v).
2, 3
Suppose -103*u - 39 = -116*u. List the prime factors of (u/(-5))/((-99)/825) - -1036.
3, 347
Suppose 61*q = 59*q + 624. Let f(v) = 13*v**2 + 3*v + 2. Let z be f(-6). Let m = z - q. What are the prime factors of m?
2, 5, 7
Suppose -3*j + 5*j - 2*l - 2 = 0, 0 = l. Let x = j - 19. What are the prime factors of ((-66)/x + -3)/(2/69)?
23
Suppose 0 = p - 4*i - 29, -58 = 3*p - 5*p + 3*i. Let f = p - -200. What are the prime factors of f?
229
Let a = 51 - -168. Let u = 